-12)/v + (-104)/(-18).
2, 3
List the prime factors of 6/((-1265)/(-250) - 5).
2, 5
Suppose 0 = 19*j + 1577 - 20064. List the prime factors of j.
7, 139
Let k(j) = -6*j**3 + 5*j**3 - 4 - 16*j**2 + 2*j + 13*j**2. Let d be k(-4). Suppose -5*a - 199 = -4*s, a + 254 = s + d*s. List the prime factors of s.
3, 17
Let z = -79 - -44. Let n = z + 59. What are the prime factors of n?
2, 3
Suppose 215*v = 207*v + 4240. What are the prime factors of v?
2, 5, 53
Let d = -143 - -266. What are the prime factors of d?
3, 41
Suppose 5*b + 170 = -5*n, 3*b + 174 = -5*n - 0*n. Let z = n - -56. What are the prime factors of z?
2, 5
Let d(i) = 4*i + 9. Let g = 2 - 8. Let u be d(g). What are the prime factors of (-1)/(18/u - -1)?
5
Suppose 114 = -3*d - 3*z, 2*z - 163 = 5*d - 2*z. List the prime factors of -1037*6/(-21) - (-10)/d.
2, 37
List the prime factors of 11655/85 - (-4 + (-70)/(-17)).
137
Suppose -27*l + 96*l = 122958. List the prime factors of l.
2, 3, 11
Suppose -2*k + 7*k - 20 = 0, 2*m + 3*k - 26 = 0. Let t(z) = z**3 - 3*z**2 + 7*z - 47. List the prime factors of t(m).
2, 3, 11
Let m(x) = -2*x**3 - 9*x**2 - 6*x + 6. Let d be (25/75)/(1/(-18)). What are the prime factors of m(d)?
2, 3, 5
Suppose 3*f + 90 = 5*f. Let q = -37 + f. List the prime factors of q.
2
What are the prime factors of -4 + 275 - (-2 - (5 - 3))?
5, 11
Suppose -s = 3*s + 2*k - 2474, 2*s + 5*k - 1217 = 0. What are the prime factors of s?
3, 23
What are the prime factors of 919 + (-6 - (2 - 10))?
3, 307
Suppose -5*s + 59 = -31. Let k = 55 + s. List the prime factors of k.
73
Let h be (-5 - -2)*(-2 + 1). Suppose h*l - f - 75 = 63, l - 44 = f. What are the prime factors of l?
47
Suppose 4*k - 12 = k. Let o = -147 - -92. Let b = k - o. List the prime factors of b.
59
Let t be (-9 - 28) + (2 - 6)/(-2). Let w = 203 + t. List the prime factors of w.
2, 3, 7
Let h = -22 + 23. Suppose 7*u - h = 8*u. Let m = u - -28. What are the prime factors of m?
3
Let s = -102 + 105. Suppose -i + 453 = i - s*z, -i - z = -229. List the prime factors of i.
2, 3, 19
Suppose -1064 = 95*u - 103*u. What are the prime factors of u?
7, 19
Suppose 11 + 9 = 2*q + 5*u, 3*q - 17 = -u. Suppose q*r + 0*r = -460. Let m = -56 - r. List the prime factors of m.
2, 3
Suppose -2244 = 2*g - 19*g. List the prime factors of g.
2, 3, 11
Suppose 3*l - 2652 = -2*m, -9*l = -12*l + 2*m + 2652. List the prime factors of l.
2, 13, 17
Let k(v) = -v**3 + 38*v**2 + 49*v - 312. What are the prime factors of k(36)?
2, 3, 337
Let x = 1737 + -1202. What are the prime factors of x?
5, 107
Let n(g) = 8 - 3*g**2 + 2*g**2 - 3*g**2 + g**3 + 1 - 5*g. What are the prime factors of n(5)?
3
Let m(k) = -k**3 + 8*k**2 + 2*k + 49. What are the prime factors of m(7)?
2, 7
Let f be (-2)/(-4) + (-4)/(-16)*-822. What are the prime factors of (8/(-10))/2*f?
2, 41
Let i(t) = -2*t**2 + 87*t + 20. List the prime factors of i(31).
3, 5, 53
Suppose -39880 - 252510 = -70*x. What are the prime factors of x?
4177
Let a(l) = 100*l - 95. What are the prime factors of a(14)?
3, 5, 29
Let i = 2 - -6. Let q = i - 12. List the prime factors of (32/10)/(q/(-10)).
2
Let a = 293 - -45. What are the prime factors of a?
2, 13
Let r(m) = 11*m - 35. Let x(d) = -d + 1. Let w(g) = r(g) + 6*x(g). List the prime factors of w(20).
71
Suppose 2*j - 3*p - 26 = -5, -5*j - 2*p + 24 = 0. What are the prime factors of -198*(4 + (-26)/j)?
2, 3, 11
Let g = 648 + -302. What are the prime factors of g?
2, 173
What are the prime factors of (-64906)/(-19) - (582/114 - 5)?
2, 7, 61
Suppose -2*u - 6*w + 3*w + 1350 = 0, 3*w = -3*u + 2028. Suppose 2*g + 4*h = 452, 3*g + 7*h = 4*h + u. List the prime factors of g.
2, 113
Let s be ((-156)/28 - 3)*-28. Suppose -2*v - v = -s. List the prime factors of v.
2, 5
Suppose 5*r = 2*r + 27. Let m = -10 + r. What are the prime factors of (m - 165/6)*-2?
3, 19
Let g be 140/30*330/4. Suppose -g = -11*l - 0*l. What are the prime factors of l?
5, 7
Suppose 0 = -6*r + 5*r + 46. Suppose 0 - r = -w - 4*n, 2*w - n = 56. List the prime factors of w.
2, 3, 5
Suppose 156821 = -447*q + 490*q. List the prime factors of q.
7, 521
Let d(q) = -3*q**3 - 9*q**2 - 4*q + 3. Let c be d(-7). Let p = c + -387. List the prime factors of p.
2, 29
Suppose -111*w - 435 = -112*w. List the prime factors of w.
3, 5, 29
Let p = 5016 + -1497. List the prime factors of p.
3, 17, 23
Suppose 3*b - 8 = 2*k, -2*b + 3*k + 2*k = -9. Suppose -216 = -b*z - 4*z. List the prime factors of z.
2, 3
Suppose 0 = -10*t - 2842 + 8352. What are the prime factors of t?
19, 29
Let i(z) = 190*z + 4. What are the prime factors of i(3)?
2, 7, 41
Let q(l) = l**2 - 5*l - 39. Let i be q(11). Let z(w) = -w**3 + 6*w**2 + 5*w - 6. Let x be z(6). Let v = x + i. List the prime factors of v.
3, 17
Let a(q) = q + 2. Let v be a(9). Suppose b = -3*b + z + v, 3*z = b - 11. What are the prime factors of 8*b/(-4) + 21?
17
Let p(g) = 128*g - 3. Let d be p(1). Let l = -5 + d. What are the prime factors of l?
2, 3, 5
Let y(w) = w**2 - 13*w + 30. Let c be y(10). List the prime factors of c + (-24)/32 + 1182/8.
3, 7
Let a(o) = -4*o**3 - 23*o - 2 + 3*o**3 + 26*o. Let b be a(4). Let c = b - -87. List the prime factors of c.
3, 11
Suppose 88 = 4*w - 0*w. Suppose 28 = -2*o + 26. Let m = w + o. What are the prime factors of m?
3, 7
Suppose -3*s + 1786 = 268. List the prime factors of s.
2, 11, 23
Let i(j) = -1. Let l(k) = -k - 11. Let b(x) = 5*i(x) - l(x). Let q be b(-3). Let m = q - -23. What are the prime factors of m?
2, 13
Let q = -267 + 685. What are the prime factors of q?
2, 11, 19
Let z = 25 - 21. Suppose -3*c + 4*n + 368 = 0, -5*c + z*n + 484 = -c. Suppose -3*j - j = -c. What are the prime factors of j?
29
What are the prime factors of 16/12*(-8 - -4592)?
2, 191
Let i be 8/8 + (-2 - 3). List the prime factors of (1 + 9/3)*(-97)/i.
97
Let z(w) be the third derivative of w**5/40 + 7*w**4/24 + 5*w**3/6 - 2*w**2. Let p(b) be the first derivative of z(b). What are the prime factors of p(6)?
5
Suppose -5*c - 6 = -16. Suppose -2*u - 4*t + 4 = 0, 2*t = 4*u - c*t + 4. List the prime factors of u - -4 - (-24 + 0).
2, 7
Let x = -8 + 10. Suppose -79 = -3*v - x*k + 3, -3*v - 5*k + 97 = 0. Suppose 0 = -y + v + 1. List the prime factors of y.
5
Let i = -3020 + 7391. What are the prime factors of i?
3, 31, 47
Suppose v = -11*v + 1824. List the prime factors of v.
2, 19
Let l = -5 + 7. Suppose -l*w - 6 + 98 = 0. List the prime factors of w.
2, 23
Suppose -4*k = -398 - 186. Let l = 208 - k. What are the prime factors of l?
2, 31
Suppose -14*k + 1638 = -12*k - 2*x, -2*k + 1642 = -3*x. What are the prime factors of k?
5, 163
Suppose 5*k - 3*a - 1887 = -2*a, -2*a = -5*k + 1889. What are the prime factors of k?
13, 29
Let f be 3*8/12 + -23. List the prime factors of (-3*2/(-6) + f)*-3.
2, 3, 5
Let o be -4 + 2 + -6 + 10 - 16. Let b(n) = -6*n - 5. Let h be b(7). What are the prime factors of o/35 + h/(-5)?
3
Let j be (-2)/8 - ((-275)/4)/(-5). Let m = 17 + j. What are the prime factors of m?
3
Let z(d) = -8*d**2 - 26*d + 17. Let x(o) = -3*o**2 - 9*o + 6. Let s(u) = 11*x(u) - 4*z(u). Let b be s(4). Suppose -w - 40 = -b*w. List the prime factors of w.
2, 5
List the prime factors of 1 + 1638 - (42 - 53).
2, 3, 5, 11
Suppose -36 = 4*d + 24. Let c = d + 92. What are the prime factors of c?
7, 11
Let g be (1 - 4)*(-2465)/87. Let c = g - -192. List the prime factors of c.
277
Suppose 7*d + 255 - 1179 = 0. Let t = -58 + d. What are the prime factors of t?
2, 37
Suppose f - 4*n - 5 = 38, -3*f + 2*n = -99. What are the prime factors of f?
31
Let q(k) = -71*k + 32. List the prime factors of q(-4).
2, 79
Let n(x) = 2*x**2 + 43*x + 0*x**2 - 41*x. List the prime factors of n(-4).
2, 3
Suppose 9*x = 4*x - 1355. Let b = x - -418. What are the prime factors of b?
3, 7
Let x = 40 - 21. Let r = 1 + x. What are the prime factors of 102/10 - 4/r?
2, 5
Let t(l) = -52*l + 22. What are the prime factors of t(-3)?
2, 89
Let h(t) = 4*t - 9. Let l be h(13). Suppose -r - a + l = 0, 170 = 4*r + 2*a + 3*a. Suppose 7*y - r = 4*y. List the prime factors of y.
3, 5
Let j(n) = -n**2 + 10*n + 8. Let f(z) = -z**2 + 9*z + 8. Let w(g) = -5*f(g) + 4*j(g). Let a be w(6). Let s = 19 + a. What are the prime factors of s?
17
Suppose 2424 = 3*s + 2*p, 5*s - 7*s + 4*p + 1616 = 0. List the prime factors o